What are the prime factors of 310249411?
310249411
List the prime factors of 53608603.
6469, 8287
What are the prime factors of 8538474?
2, 3, 7, 23, 8839
What are the prime factors of 39872552?
2, 349, 14281
What are the prime factors of 457411555?
5, 91482311
List the prime factors of 37511975.
5, 1500479
What are the prime factors of 269062208?
2, 4204097
List the prime factors of 129451611.
3, 43150537
What are the prime factors of 34790017?
41, 848537
List the prime factors of 28398741.
3, 7, 863, 1567
List the prime factors of 251798580.
2, 3, 5, 11, 1051
What are the prime factors of 5702234?
2, 313, 9109
What are the prime factors of 206347482?
2, 3, 11, 137, 7607
List the prime factors of 6231280684.
2, 1557820171
What are the prime factors of 267977536?
2, 1847, 2267
What are the prime factors of 32454444?
2, 3, 11, 53, 4639
What are the prime factors of 25638280?
2, 5, 640957
List the prime factors of 68254476.
2, 3, 5687873
List the prime factors of 8170428700.
2, 5, 7, 83, 140627
List the prime factors of 119541767.
197, 606811
List the prime factors of 4818876387.
3, 13, 19, 2383, 2729
List the prime factors of 123978927.
3, 41326309
What are the prime factors of 29059272?
2, 3, 11, 36691
List the prime factors of 1032583068.
2, 3, 11, 23, 113371
What are the prime factors of 243755370?
2, 3, 5, 19, 142547
What are the prime factors of 428953920?
2, 3, 5, 446827
List the prime factors of 143285187.
3, 47, 109, 9323
List the prime factors of 2241904515.
3, 5, 2411, 61991
What are the prime factors of 2838046368?
2, 3, 17, 823, 2113
What are the prime factors of 3808636872?
2, 3, 227, 699089
List the prime factors of 77396491.
31, 821, 3041
List the prime factors of 2893169551.
41, 70565111
List the prime factors of 6372872404.
2, 9811, 162391
List the prime factors of 6204203754.
2, 3, 7, 17, 113, 131, 587
What are the prime factors of 19776230?
2, 5, 1977623
List the prime factors of 4259150043.
3, 43, 1699, 19433
What are the prime factors of 2457816?
2, 3, 102409
List the prime factors of 2195446039.
11699, 187661
List the prime factors of 74617077.
3, 1237, 20107
List the prime factors of 65805115.
5, 13161023
List the prime factors of 2334305671.
29, 571, 4861
What are the prime factors of 108425535?
3, 5, 457, 15817
What are the prime factors of 1904136407?
1904136407
List the prime factors of 2238517631.
7, 41, 109, 163, 439
List the prime factors of 108701329.
11, 61, 161999
What are the prime factors of 5804935586?
2, 43, 257, 262643
List the prime factors of 42135986.
2, 21067993
What are the prime factors of 49136947?
23, 2136389
List the prime factors of 4051978606.
2, 13, 155845331
What are the prime factors of 421038255?
3, 5, 11, 229, 1013
List the prime factors of 513424076.
2, 11, 11668729
What are the prime factors of 82400058?
2, 3, 13, 107, 1097
List the prime factors of 358147623.
3, 3529, 33829
List the prime factors of 41473742.
2, 20736871
List the prime factors of 99819977.
19, 23, 228421
What are the prime factors of 25902641?
43, 14009
What are the prime factors of 79278416?
2, 7, 199, 3557
List the prime factors of 198825299.
198825299
What are the prime factors of 384009548?
2, 13, 7384799
List the prime factors of 43440389.
17, 2555317
What are the prime factors of 113274178?
2, 56637089
List the prime factors of 1980128410.
2, 5, 13, 29, 31, 16943
List the prime factors of 101992910.
2, 5, 10199291
List the prime factors of 193624235.
5, 7, 23, 34361
What are the prime factors of 1009007770?
2, 5, 5591, 18047
What are the prime factors of 747945846?
2, 3, 13850849
List the prime factors of 14099579.
13, 17, 63799
List the prime factors of 244732189.
13, 29, 649157
List the prime factors of 24773281.
13, 167, 11411
What are the prime factors of 171813756?
2, 3, 14317813
What are the prime factors of 184358310?
2, 3, 5, 6145277
What are the prime factors of 13855413?
3, 11, 13, 32297
List the prime factors of 6220946530.
2, 5, 37, 61, 101, 2729
What are the prime factors of 38700701?
13, 19, 156683
What are the prime factors of 1342730891?
1759, 763349
What are the prime factors of 148752078?
2, 3, 29, 854897
What are the prime factors of 6432926108?
2, 7, 12953, 17737
What are the prime factors of 233556598?
2, 11, 367, 28927
List the prime factors of 24750474.
2, 3, 7, 589297
What are the prime factors of 8472726?
2, 3, 383, 1229
What are the prime factors of 192049129?
37, 199, 26083
What are the prime factors of 1014565578?
2, 3, 13, 3251, 4001
What are the prime factors of 91765928?
2, 11470741
What are the prime factors of 15667645?
5, 7, 239, 1873
What are the prime factors of 71190829?
433, 164413
List the prime factors of 52832212.
2, 163, 81031
List the prime factors of 2510078447.
61, 83, 495769
List the prime factors of 366235721.
1009, 362969
What are the prime factors of 50699793?
3, 47, 103, 3491
List the prime factors of 3155189493.
3, 4241, 247991
List the prime factors of 1060295181.
3, 11, 89, 361013
What are the prime factors of 2324006923?
7, 5099, 65111
List the prime factors of 26733653.
113, 359, 659
List the prime factors of 488294785.
5, 11, 8878087
List the prime factors of 165110870.
2, 5, 1493, 11059
List the prime factors of 115114833.
3, 29, 441053
What are the prime factors of 87033340?
2, 5, 1583, 2749
List the prime factors of 247377269.
6967, 35507
List the prime factors of 1180151533.
11, 79, 1358057
What are the prime factors of 256555220?
2, 5, 12827761
What are the prime factors of 573719220?
2, 3, 5, 1062443
List the prime factors of 170998830.
2, 3, 5, 37, 17117
List the prime factors of 114732578.
2, 57366289
List the prime factors of 120576607.
7079, 17033
What are the prime factors of 6242297304?
2, 3, 260095721
List the prime factors of 1686521.
23, 73327
What are the prime factors of 55718917?
263, 211859
List the prime factors of 33769462.
2, 1721, 9811
What are the prime factors of 11583628?
2, 7, 23, 17987
List the prime factors of 106032735.
3, 5, 59, 39937
What are the prime factors of 1196781282?
2, 3, 3803, 17483
List the prime factors of 287080767.
3, 953, 3719
List the prime factors of 96005319.
3, 149, 397, 541
List the prime factors of 90262181.
29, 3112489
What are the prime factors of 13636417?
163, 269, 311
What are the prime factors of 1697619125?
5, 19, 714787
What are the prime factors of 462790548?
2, 3, 11, 277, 4219
What are the prime factors of 145532882?
2, 11, 6615131
What are the prime factors of 1721220747?
3, 59, 9724411
List the prime factors of 37919080.
2, 5, 37, 25621
What are the prime factors of 390956069?
7, 79, 706973
List the prime factors of 42591153.
3, 11, 117331
List the prime factors of 367977511.
11, 313, 106877
List the prime factors of 43648826.
2, 13, 17, 37, 157
What are the prime factors of 225761377?
17, 317, 41893
List the prime factors of 61485495.
3, 5, 4099033
List the prime factors of 3757366239.
3, 11, 41, 503, 5521
What are the prime factors of 3743391?
3, 1247797
What are the prime factors of 1627080319?
17, 95710607
List the prime factors of 3328047485.
5, 7, 2459, 38669
What are the prime factors of 91268692?
2, 23, 992051
List the prime factors of 420667523.
2837, 148279
What are the prime factors of 105038707?
19, 953, 5801
What are the prime factors of 743220292?
2, 185805073
List the prime factors of 1995136713.
3, 221681857
List the prime factors of 319219713.
3, 35468857
List the prime factors of 59035725.
3, 5, 7, 37483
List the prime factors of 244119691.
244119691
List the prime factors of 591516089.
127, 4657607
List the prime factors of 58867435.
5, 11, 1070317
List the prime factors of 791628477.
3, 17, 15522127
What are the prime factors of 2576508030?
2, 3, 5, 173, 165479
What are the prime factors of 45396951?
3, 15132317
What are the prime factors of 110616207?
3, 13, 2836313
What are the prime factors of 126033008?
2, 23, 342481
List the prime factors of 2802922406.
2, 43, 32592121
What are the prime factors of 99523305?
3, 5, 7, 139, 2273
What are the prime factors of 345702629?
345702629
What are the prime factors of 362598179?
362598179
What are the prime factors of 492324066?
2, 3, 13, 541, 3889
List the prime factors of 61660862.
2, 30830431
List the prime factors of 3059624